it of v?
1
Let f be ((-17)/4 - (-3)/12) + 0. What is the units digit of -6 + 12 + f + 6?
8
Let j(y) = -y**2 - 8*y + 10. Let c be j(-6). Suppose -4522 = 29*n - c*n. Let f = -352 - n. What is the units digit of f?
4
Let c(s) = -s**2 + 6*s + 19. Let d be c(8). Suppose -d*j - 2*j - 330 = 0. Let l = 1 - j. What is the tens digit of l?
6
Suppose 8*u - 13*u = 0. Suppose u = 2*y - 8*y + 54. Suppose -y*n + 7*n + 244 = 0. What is the tens digit of n?
2
Let f(c) = -2*c + 46. Let y(u) = -3*u + 46. Let o(s) = -4*f(s) + 3*y(s). Let r(p) = -1. Let z(v) = -o(v) + 2*r(v). What is the tens digit of z(12)?
5
Suppose 78*z + 110350 = 172072 + 208782. What is the hundreds digit of z?
4
Suppose 14*b = 4*z + 9*b - 25823, -z + b + 6455 = 0. What is the hundreds digit of z?
4
Suppose -v + 70047 = 3*s, -5905 = 3*s - 4*v - 75937. What is the ten thousands digit of s?
2
Let l(f) = -2*f - 12. Let s be l(-8). Suppose 7*c = s*c + 12. What is the tens digit of c/(8*-1)*-22?
1
Suppose -2*m - 108 = 2*m. Let p = m + 41. Suppose -p*l + 8*l + 348 = 0. What is the units digit of l?
8
What is the thousands digit of ((-15675)/(-198))/95 + 360950/12?
0
Let s(z) = 1455*z - 2668. What is the thousands digit of s(32)?
3
Suppose 118*p - 116*p - 2496 = 0. Suppose -43*y + 23047 = -p. What is the units digit of y?
5
Let k(z) = 20*z**2 + 2*z + 2. Let l be k(-1). Suppose -4*o = -24*p + l*p + 584, 5*p - o - 726 = 0. What is the units digit of p?
5
Let g(d) = -d**3 - 4*d**2 + 6*d + 12. Let z be g(-3). What is the units digit of (-25)/(1 + -6)*(-81)/z?
7
Suppose 6*z - 7*z - 5*k + 178 = 0, -890 = -5*z - 4*k. Let d = 310 + z. What is the tens digit of d?
8
Let y = -535 + -104. Let h = -527 - y. What is the units digit of h?
2
Let g be 12/(-90)*-5*-423. Let c = 410 + g. What is the units digit of c?
8
What is the tens digit of 5/(-4) - -769*(183/12 + -8)?
7
Suppose 14*j = -6*j + 240. What is the units digit of ((-1080)/30)/(-1 + 10/j)?
6
Let s(u) = -u**2 + 18*u - 44. Let d be s(13). Suppose -d = -5*x - 21. Suppose 309 = 3*b + 2*r - 173, 5*b + 5*r - 805 = x. What is the units digit of b?
0
Suppose -1 = 4*j + 3, 2*i - 35 = 3*j. Suppose 4 - i = -4*o. Suppose -2*k = -d - o*k + 30, -2*k = -3*d + 115. What is the units digit of d?
5
Let l = -281 + 283. Suppose 2*r = l*d + 3628, r - 8*d = -5*d + 1804. What is the thousands digit of r?
1
Let b = -132 - -183. What is the tens digit of ((-36)/54)/(2/b)*-23?
9
Let l(i) = -4*i**2 - 3*i**2 - 12*i - 2 + 6*i**2. What is the units digit of l(-5)?
3
Let q(y) = 2*y. Let s = 53 + -12. Let h = s + -35. What is the units digit of q(h)?
2
Let x be 2/(72/798) + 1/(-6). What is the hundreds digit of (-1)/1*(-3674)/x - 0?
1
Let f = 822 - -7611. What is the tens digit of f?
3
Let l(k) = -75*k + 3. Suppose 58 = 2*u - 5*f, -4*u + 60 = 5*f - 26. Let t = -25 + u. What is the units digit of l(t)?
8
Suppose 80*z - 3010256 - 7366978 = -82*z. What is the hundreds digit of z?
0
Let z = 158 - 148. What is the units digit of (-4)/z + 1297/5?
9
Let h be -1 - -2 - 237*6/(-9). Let q = -33 + h. Suppose 4*m = m + q. What is the units digit of m?
2
Let p(f) = -15*f**2 + 17*f + 20. Let w(q) = 7*q**2 - 8*q - 10. Let r(v) = 6*p(v) + 13*w(v). What is the units digit of r(28)?
8
Suppose -2*n + 56 = -n. Suppose 47*l + 279 = n*l. What is the units digit of l?
1
Suppose 5*i + 4*p - 14516 = 0, 5807 = 2*i + 11*p - 10*p. What is the hundreds digit of i?
9
Let p(s) = -30*s**2 - 6*s - 2. Let t(u) = 60*u**2 + 12*u + 5. Let b(n) = -7*p(n) - 4*t(n). Let r be b(-6). What is the tens digit of (-6)/(-4) - r/20?
5
Suppose -3*y + 24 = a, -5*a + 220 = -3*y + 64. Suppose -4*i - a = -9*i. Suppose 3 = 3*z, i*x - 2*x + 4*z - 832 = 0. What is the tens digit of x?
0
What is the thousands digit of (-22)/9 - -2 - 21950880/(-945)?
3
Let l = -78 + 85. Suppose -l*c - 1190 + 3451 = 0. What is the hundreds digit of c?
3
Let d(n) = -24*n + 6. Suppose 12 = j + 3*z - 5, 108 = 4*j + 2*z. Suppose j = -5*i + 5*t - 11, -5*t + 25 = 0. What is the tens digit of d(i)?
7
Let y(c) = -6*c - 7. Let p be y(-2). Suppose p*n - 5*i - 2605 = 0, -2296 = -3*n - 3*i - 733. What is the tens digit of n?
2
Suppose s = 2*m + 1924, -7*s + 12*m = -4*s - 5760. What is the units digit of s?
8
Suppose 5*v + 1972 = 34*v. Let t = 79 + 26. Let o = v + t. What is the units digit of o?
3
Let a(m) = 80 - 79 - 7*m**2 - 2*m - 11*m**2. Let t be a(3). Let w = 308 + t. What is the units digit of w?
1
What is the units digit of ((-21)/35*43437/9)/(1/(-15))?
7
Let l = 62 + -59. Suppose 0 = 2*u + 4*p + 12, 0 = -u - u + l*p + 16. What is the hundreds digit of 153 + (u + 2)/(-4) + 3?
1
Suppose -2*m = -5*v - 50, -4*m - 10*v + 84 = -12*v. Suppose 0*o - 5*o = -960. Suppose -14*k = -m*k + o. What is the tens digit of k?
3
Suppose -33419 = -9*l + 3*l + 6145. What is the hundreds digit of l?
5
Let a be 125/10 + 1/(-2). Suppose -99 = 3*p - a*p. Let s(j) = 9*j + 5. What is the tens digit of s(p)?
0
Let g be (28/7)/4*1489. Suppose -m - 2*r = -741, 2*m - 6*r - g = -3*r. What is the tens digit of m?
4
Suppose -7402 = -t - 5*r, 94*r = -t + 96*r + 7444. What is the hundreds digit of t?
4
Let l(t) = 6805*t**3 - t**2 - 3*t + 5. What is the thousands digit of l(1)?
6
Let a = -9543 + 14672. What is the thousands digit of a?
5
Let d = 209 - -1576. What is the units digit of d?
5
Let g be (-4 + 3)*-304*2/(-2). Let k = g + 204. What is the units digit of (-2*5)/(2 - k/(-45))?
5
Let n(y) = 14*y**2 - 2*y + 1. Let d(z) = -70*z**2 + 9*z - 5. Let m(r) = 2*d(r) + 11*n(r). Let t be m(2). Let j = 56 - t. What is the units digit of j?
7
What is the units digit of (-1 - -15)/((-114)/(-152)*(-24)/(-14733))?
9
Suppose 0*t + 4*p = t - 14, -4*p - 12 = -2*t. Let s be 1*(6/(-2))/(-3). What is the units digit of -6*s*1/t?
3
Suppose -3*h = -3*v - 8*h + 6, -10 = -5*v - 4*h. What is the hundreds digit of v/18*-2 + 1910/9?
2
Let n(u) = -49*u - 244. Suppose -15*a + 18*a + 54 = 0. What is the units digit of n(a)?
8
Let v = -50 - -54. Let f be ((v - 1) + -8)*(-3 + 2). What is the units digit of 154/(f/1 + -3)?
7
Let h(u) = 36469*u**3 + 110*u**2 - 109*u + 1. What is the hundreds digit of h(1)?
4
Suppose -15*l + 14*l = -1519 - 4988. What is the thousands digit of l?
6
Suppose 4*r = 10*r + 18. Let f be r/(-4) - 1778/(-8). Suppose -9*q = -f - 65. What is the units digit of q?
2
Let c(o) = 270*o - 1960. What is the hundreds digit of c(62)?
7
Suppose -5*z + t + 115301 = 0, 3*z - 8*z = 3*t - 115277. What is the tens digit of z?
5
Let q = 29285 - 41945. Let y be q/(-35) + (-4)/(-14). Suppose g + 2*v + 5 = 76, 3*v - y = -5*g. What is the tens digit of g?
7
Let b = 3126 - 528. What is the thousands digit of b?
2
Suppose 17*q - 22*q + 2670 = 5*j, -q = 0. Suppose n - 489 = 5*c, -j = -n - 0*n - 4*c. What is the units digit of n?
4
Let f = -607 + 610. Suppose 4*j - 7552 = -4*g, j + 5643 = f*g - 3*j. What is the units digit of g?
5
Suppose 25844 - 2548 = 2*z - 4*g, 3*g = -3*z + 34944. Suppose -16*d = -z + 2400. What is the hundreds digit of d?
5
Let c(d) = 992*d - 1821. What is the hundreds digit of c(30)?
9
Let p(m) = 2*m + 7. Let g be p(-6). Let a(j) = -j**2 - 8*j - 6. Let r be a(g). What is the tens digit of (-2)/(-1) - -91 - (r - 9)?
9
Let s = 111 - 109. Suppose -r + 7 + 0 = 2*p, -5 = -p + r. Suppose j - s*j = p*d - 41, -3*d = 4*j - 34. What is the tens digit of d?
1
Suppose 82348 = 15*h - 13232. What is the tens digit of h?
7
Let s(g) = -11*g**2 + 10*g - 10. Let f be s(7). Let m = f + 494. What is the tens digit of m?
1
Let k(g) = -g + 154. Let p be k(12). Suppose p*a - 143*a = -1557. What is the tens digit of a?
5
Let i be 5/(-15) - (-1)/(3/43). Suppose 7 = 7*k - i. Suppose k*v - 421 = -157. What is the units digit of v?
8
Let o(d) = d**3 - 3*d**2 + 4*d + 6. Let f be o(3). What is the hundreds digit of -370*(-1 + 2)*(-45)/f?
9
Let a(g) = g**2 + 16*g + 3. Let b be a(-17). Let n = b + -10. Suppose 2*h + n = 12. What is the units digit of h?
1
Let r = -47 + 47. Suppose r = 5*f - 303 - 1467. What is the hundreds digit of f?
3
Suppose 2103 = 7*y + 374. Suppose 0 = 4*r - 183 - 105. Let d = y - r. What is the hundreds digit of d?
1
Suppose 18 = 5*y - 62. Suppose 0 = -18*g + y*g. Suppose -b = 5, n + g*b - 3*b = 49. What is the units digit of n?
4
Let n(a) = -a**2 - a + 47. Let j be n(6). What is the tens digit of (-4558)/(-12)